{"id":108,"date":"2018-08-19T17:47:35","date_gmt":"2018-08-19T14:47:35","guid":{"rendered":"https:\/\/www.makikuisma.fi\/?page_id=108"},"modified":"2022-11-03T15:35:14","modified_gmt":"2022-11-03T13:35:14","slug":"hoitomenetelmat","status":"publish","type":"page","link":"https:\/\/www.makikuisma.fi\/?page_id=108","title":{"rendered":"perinteiset kiinalaiset hoidot"},"content":{"rendered":"\n<ul class=\"wp-block-list\"><li>Perinteisess\u00e4 kiinalaisessa l\u00e4\u00e4ketieteess\u00e4 ihmisen terveyden l\u00e4ht\u00f6kohtana on energian tarkoituksenmukainen ja harmoninen virtaus &#8211; aina solu- ja kudostasolta elin- ja j\u00e4rjestelm\u00e4tason kautta kehon ymp\u00e4rist\u00f6\u00f6n.<\/li><li>Ihmisen terveys on dynaaminen taspainotila sek\u00e4 kehon sis\u00e4ll\u00e4 ett\u00e4 suhteessa ymp\u00e4rist\u00f6\u00f6n. Se on kyky\u00e4 vastata sopivalla, tasapainoa ja yhten\u00e4isyytt\u00e4 yll\u00e4pit\u00e4v\u00e4ll\u00e4 tavalla monenlaisiin haasteisiin.<\/li><li>Sairaus edustaa sopeutumisen ep\u00e4onnistumista muuttuvissa olosuhteissa. Sairaden tai vaivan syy voi olla mik\u00e4 tahansa ylitsep\u00e4\u00e4sem\u00e4t\u00f6n haaste keholle tai mielelle, kuten vaikka haitallinen aine tai negatiivinen tunne. Ihmisen sairastuessa Qit\u00e4 t\u00e4ytyy suojella ja vahvistaa.<br><\/li><li>\u201dIhminen ei ole huonossa kunnossa, koska h\u00e4n sairastaa, vaan h\u00e4n sairastaa, koska on huonossa kunnossa.\u201d<\/li><\/ul>\n","protected":false},"excerpt":{"rendered":"<p>Perinteisess\u00e4 kiinalaisessa l\u00e4\u00e4ketieteess\u00e4 ihmisen terveyden l\u00e4ht\u00f6kohtana on energian tarkoituksenmukainen ja harmoninen virtaus &#8211; aina solu- ja kudostasolta elin- ja j\u00e4rjestelm\u00e4tason kautta kehon ymp\u00e4rist\u00f6\u00f6n. Ihmisen terveys&#8230;<\/p>\n","protected":false},"author":1,"featured_media":0,"parent":0,"menu_order":1,"comment_status":"closed","ping_status":"closed","template":"","meta":{"_monsterinsights_skip_tracking":false,"_monsterinsights_sitenote_active":false,"_monsterinsights_sitenote_note":"","_monsterinsights_sitenote_category":0,"footnotes":""},"class_list":["post-108","page","type-page","status-publish","hentry"],"_links":{"self":[{"href":"https:\/\/www.makikuisma.fi\/index.php?rest_route=\/wp\/v2\/pages\/108","targetHints":{"allow":["GET"]}}],"collection":[{"href":"https:\/\/www.makikuisma.fi\/index.php?rest_route=\/wp\/v2\/pages"}],"about":[{"href":"https:\/\/www.makikuisma.fi\/index.php?rest_route=\/wp\/v2\/types\/page"}],"author":[{"embeddable":true,"href":"https:\/\/www.makikuisma.fi\/index.php?rest_route=\/wp\/v2\/users\/1"}],"replies":[{"embeddable":true,"href":"https:\/\/www.makikuisma.fi\/index.php?rest_route=%2Fwp%2Fv2%2Fcomments&post=108"}],"version-history":[{"count":14,"href":"https:\/\/www.makikuisma.fi\/index.php?rest_route=\/wp\/v2\/pages\/108\/revisions"}],"predecessor-version":[{"id":536,"href":"https:\/\/www.makikuisma.fi\/index.php?rest_route=\/wp\/v2\/pages\/108\/revisions\/536"}],"wp:attachment":[{"href":"https:\/\/www.makikuisma.fi\/index.php?rest_route=%2Fwp%2Fv2%2Fmedia&parent=108"}],"curies":[{"name":"wp","href":"https:\/\/api.w.org\/{rel}","templated":true}]}}